r of y and s?
14
Let w(a) be the second derivative of -a**4/12 - 5*a**3/2 - 8*a**2 - 5*a. Let z be w(-12). Calculate the highest common divisor of z and 20.
20
Suppose -2*z + 16 = 7*g - 3*g, -2*g = -2*z + 22. Let l = 253 + -163. What is the highest common divisor of z and l?
10
Let f = 11 + 1. Suppose k + f = 3*k. What is the greatest common divisor of k and 18?
6
Let h be 8/44 - (-42)/11. Let s(u) = 4*u**2 - 3*u + 3. Let l be s(h). What is the greatest common factor of 5 and l?
5
Let d = 20 + -22. Let p be 24 - (-1 - d)*4. What is the highest common factor of p and 10?
10
Let v(p) = 2*p**3 + p**2 + 3*p - 3. Let c be v(4). Suppose s = -2*i - 4*s + 44, 5*i + 5*s = 95. What is the highest common divisor of c and i?
17
Let k(x) = -x**2 - 4*x - 2. Let w be k(-2). What is the highest common factor of 10 and w?
2
Let r be 32/112 - (-12)/7. Suppose 0 = r*j + 2*p - 19 - 3, 0 = 3*j + 4*p - 34. What is the highest common factor of 25 and j?
5
Suppose 3*o = -k, -4*k - o = -k - 8. Suppose -5*x + 476 = -604. Suppose -x = -k*u + 48. What is the greatest common factor of u and 11?
11
Let s(l) = l**3 + 4*l**2 + 2*l. Let m be s(-3). Let a = 4 + 5. Calculate the greatest common factor of m and a.
3
Let k = 85 - 55. Let v = 6 + -4. Let t be 73 - (-1*v + 0). Calculate the highest common divisor of k and t.
15
Let g(b) = -b**2 + 5*b - 2. Let y be g(4). Suppose 44 = 4*p + 4*k, 5*k + 0*k = 2*p - 1. Suppose p = -y*i + 3*i. What is the highest common divisor of 72 and i?
8
Let b = -1 - -1. Suppose b = 4*z + 9 - 25. Let f = 65 + -55. Calculate the greatest common divisor of f and z.
2
Let a(t) = 6*t. Suppose 3*i - 26 - 4 = 0. Suppose 5*w - i = 2*h, 0*h + 21 = 5*h - w. Let v be a(h). What is the greatest common divisor of v and 6?
6
Suppose 0 = -2*l - 0*l + 4. Suppose z - 3*q + l*q = 6, 0 = 2*z + 4*q - 42. Calculate the highest common factor of 121 and z.
11
Suppose -5*v = 4*l + 4, -3*v = v + 16. Suppose 0 = -2*g - s - 1, g - s - 15 = -l*g. Calculate the greatest common divisor of 1 and g.
1
Suppose 0 = 2*g + 8 + 2. Let b = 5 + g. Suppose 0 = -k - b + 6. Calculate the highest common factor of 54 and k.
6
Let p be (-2)/(-7) - (-75)/7. Let j(k) = 2 - 4*k - 5 + k**2 - k**3 - 1. Let a be j(-3). Calculate the greatest common factor of a and p.
11
Let o(d) = 4*d**2 - 2*d + 1. Let p be o(1). Suppose -w + 144 = -5*w. Let r = 60 + w. What is the highest common factor of p and r?
3
Let f(h) = h**2 + h + 7. Let v be f(-3). Let u(x) = 2*x - 19. Let m be u(v). Calculate the highest common divisor of 7 and m.
7
Let i be -4 + (-4 - -10) + 2. Calculate the highest common factor of 6 and i.
2
Let k = -3 - -5. Let g(r) be the second derivative of 5*r**3/6 - r**2/2 - 2*r. Let f be g(k). What is the highest common factor of 6 and f?
3
Let r(t) = -t + 1. Let m(n) = 2*n - 10. Let v(x) = -2*m(x) - 2*r(x). Let h be v(-15). What is the highest common divisor of 16 and h?
16
Let f be -1 - (-4 - -3*2) - -10. Calculate the highest common divisor of 14 and f.
7
Suppose -6*k = -3*k - 54. Calculate the highest common factor of 54 and k.
18
Let c(k) = -k - 8. Let p be c(-4). Let x be (-3 - -4)*p + 8. What is the greatest common divisor of 36 and x?
4
Suppose -w + 9 = -40. Let l = -16 - -23. What is the greatest common divisor of w and l?
7
Let t(b) = b + 4. Let x be t(-3). What is the highest common factor of x and 4?
1
Let x(t) = -t - 3*t**3 - 2*t + 3*t + 1 - t**2. Let s be x(-1). Suppose 75 = s*d + 12. What is the highest common factor of d and 84?
21
Suppose 2*i + 2*i = 20, 0 = -3*x + i + 16. Let o be 7/(x/24) - 0. Let v = 0 + o. Calculate the highest common divisor of 8 and v.
8
Suppose 0 = -7*x + 3*x - 2*r + 16, -2*r = x - 7. Calculate the greatest common divisor of 3 and x.
3
Let o = -20 - -57. Suppose -3*n - o = -6*p + 2*p, 2*p - 5*n = 15. Calculate the highest common factor of p and 4.
2
Suppose -3*x - 28 = 2. Let i = -15 - x. Let h be (-332)/(-20) + (-2)/i. What is the greatest common divisor of h and 17?
17
Let i = 45 - 24. Calculate the greatest common divisor of i and 105.
21
Let z(c) = -c**2 - c + 1. Let s be z(1). Let t(h) = -h**2 - 3*h - 1. Let x be t(s). Suppose -n - n + 14 = 0. Calculate the greatest common factor of x and n.
1
Suppose 0*n + 56 = 4*n + 4*g, -n - 3*g = -24. Calculate the highest common factor of n and 36.
9
Let c = -48 + 67. Suppose s - d - 249 = -98, 2*s - 299 = 5*d. Calculate the highest common factor of c and s.
19
Let y = 106 + -58. Calculate the highest common divisor of y and 12.
12
Let a(r) = -4*r**3 - 3*r**2 - 2*r + 2. Let p be a(-2). Calculate the greatest common factor of p and 104.
26
Let u = -21 + 32. What is the greatest common factor of 77 and u?
11
Let r be 4 + (-52)/(8/(-2)). Suppose -4*b = -4*a + a + 184, a = 2*b + 58. Calculate the highest common factor of a and r.
17
Suppose v - 48 = -3*v. Suppose -3*k = 5*h - 67, -2*h = 3*k - 0*k - 70. Calculate the greatest common divisor of k and v.
12
Let n(s) = -61*s + 19. Let p be n(-1). Calculate the highest common divisor of 20 and p.
20
Let h = 20 + -8. What is the greatest common factor of h and 108?
12
Suppose -5*v = -d + 3*d - 45, 0 = 5*v + 4*d - 55. Let f = v + -4. Let j be (-38)/4*-2 - f. Calculate the highest common factor of j and 176.
16
Let p be 3 + -1 - (1 - -11). Let r = p - -2. Let t be 65/7 - r/(-28). What is the greatest common factor of t and 36?
9
Let m(r) = r + 8. Suppose g = 3 - 9. Let v be m(g). Calculate the greatest common divisor of 18 and v.
2
Let m = 44 - 2. What is the greatest common factor of 6 and m?
6
Let f(l) = l**2 + 4*l + 3. Let t be f(-6). Let w be (1/(-3))/((-1)/t). Suppose -x + 90 = w*g, -13 - 2 = 5*g. What is the greatest common factor of 21 and x?
21
Let q(z) = 4*z**2 - 3*z + 1. Let o be q(2). Let i(g) = -g. Let u be i(0). Suppose -t - 4 + o = u. What is the highest common factor of 70 and t?
7
Suppose 3*v + 7 + 50 = 3*q, -q = -2*v - 20. Let w = -7 - -13. What is the highest common divisor of q and w?
6
Suppose -25 = -3*w + 11. Suppose -6 = -7*z + 4*z. Let f(x) = 12*x**3 + x**2 - 3*x + 2. Let m be f(z). What is the greatest common factor of m and w?
12
Let y = -33 + 50. What is the highest common divisor of y and 17?
17
Suppose 0*m - 109 = -4*o - 5*m, 4*o - 3*m = 69. Calculate the highest common factor of o and 168.
21
Suppose 0 = -4*q - 153 - 55. Let i = 47 - q. Suppose 5*m = m + 36. What is the highest common factor of m and i?
9
Suppose 2*x - 8 = 4*b, 2*b - 4*b + 2 = 2*x. Suppose 4*o = 3*o - 2*d + 33, -3*o - x*d = -79. Calculate the greatest common factor of 253 and o.
23
Suppose -2*r + 12 = -2*k - 12, -r - 2*k = -15. What is the greatest common divisor of 13 and r?
13
Let z be (-356)/(-6)*3 + 2. What is the highest common factor of z and 36?
36
Suppose 0*v = 2*v - 2, 158 = 4*l - 2*v. Let x(r) = -r**2 + 10*r - 11. Let i be x(8). What is the highest common divisor of l and i?
5
Let j(u) = 7*u - 2. Let x be j(2). Suppose 2*h - 168 = -0*h. What is the highest common factor of x and h?
12
Suppose 8 = 2*p + 2*p. Suppose 0 = -r - p*h - h + 60, r = 4*h + 32. Calculate the highest common divisor of 12 and r.
12
Let d be (-3 - -1) + -1 + 73. Suppose 0 = -5*u + 173 - 33. Calculate the greatest common divisor of d and u.
14
Suppose 3*d + 14 = -5*f, -4*d + 18 = -5*d - 5*f. Suppose d*k - 2 = -0*k. Calculate the greatest common divisor of k and 4.
1
Let q(n) = -n**2 - 6*n - 6. Let s be q(-4). Suppose 0*g + s*g - 4 = 0. Suppose -15 = -4*p - 7, 5*p = g*f - 172. What is the highest common factor of f and 13?
13
Suppose -2*r + 98 = 2*r - 2*w, -4*r = -3*w - 97. Let m = 115 - 40. Calculate the greatest common divisor of m and r.
25
Suppose 2*j + 35 = 3*j + 3*o, 0 = -4*o + 12. Let y be 28/13 - 4/j. Let v = -6 - -20. Calculate the greatest common factor of y and v.
2
Suppose 5*p = -5*c + 55, 2 = c + 2*p - 7. Let q = 243 - 139. What is the greatest common divisor of q and c?
13
Suppose u + 2 = 4. Suppose 5*c - u = 3. What is the greatest common factor of c and 3?
1
Suppose 187 = 15*j - 338. What is the greatest common factor of j and 70?
35
Let z(u) = -u - 9. Let j be z(-9). Suppose -3*r + 2*k + 17 = 0, -4*r - 4*k + j*k + 56 = 0. What is the greatest common divisor of r and 72?
9
Let l = -438 - -49. Let v = -261 - l. Calculate the greatest common divisor of 16 and v.
16
Let y = -30 + 54